{"id":50,"date":"2022-10-04T09:26:07","date_gmt":"2022-10-04T09:26:07","guid":{"rendered":"https:\/\/stolmeb.eu\/?page_id=50"},"modified":"2025-03-17T20:57:24","modified_gmt":"2025-03-17T19:57:24","slug":"contact","status":"publish","type":"page","link":"https:\/\/stolmeb.eu\/?page_id=50","title":{"rendered":"Kontakt"},"content":{"rendered":"<h6>KONTAKT<\/h6>\n<h1>Potrzebujesz kuchni lub mebli na wymiar. Skontaktuj si\u0119 z nami<\/h1>\n<p>\t\t\t\t\t\t\t\t\t\t\t\t\t\t\t<img fetchpriority=\"high\" decoding=\"async\" width=\"780\" height=\"865\" src=\"https:\/\/stolmeb.eu\/wp-content\/uploads\/2025\/02\/contact_stolmeb_2.png\" alt=\"\" srcset=\"https:\/\/stolmeb.eu\/wp-content\/uploads\/2025\/02\/contact_stolmeb_2.png 780w, https:\/\/stolmeb.eu\/wp-content\/uploads\/2025\/02\/contact_stolmeb_2-451x500.png 451w, https:\/\/stolmeb.eu\/wp-content\/uploads\/2025\/02\/contact_stolmeb_2-271x300.png 271w, https:\/\/stolmeb.eu\/wp-content\/uploads\/2025\/02\/contact_stolmeb_2-768x852.png 768w, https:\/\/stolmeb.eu\/wp-content\/uploads\/2025\/02\/contact_stolmeb_2-68x75.png 68w, https:\/\/stolmeb.eu\/wp-content\/uploads\/2025\/02\/contact_stolmeb_2-480x532.png 480w\" sizes=\"(max-width:767px) 480px, (max-width:780px) 100vw, 780px\" \/>\t\t\t\t\t\t\t\t\t\t\t\t\t\t\t<\/p>\n<h2>Zadzwo\u0144 do nas<\/h2>\n<h4><a href=\"tel:+48510289581\">+48 510 289 581<\/a><\/h4>\n<p><a href=\"mailto:biuro@stolmeb.eu\">Napisz do nas: biuro@stolmeb.eu<\/a><\/p>\n<p>\t\t\t\t\t\t\t\t\t\t\t\t\t\t\t<img decoding=\"async\" src=\"https:\/\/stolmeb.eu\/wp-content\/uploads\/2022\/10\/estate4-contact-icon1.svg\" alt=\"\" \/>\t\t\t\t\t\t\t\t\t\t\t\t\t\t\t<\/p>\n<h5>Stolmeb<\/h5>\n<p>\t\tUbysz\u00f3w 45,<br \/>\n26-120 Bli\u017cyn<br \/>\n\u015awi\u0119tokrzyskie<br \/>\npowiat skar\u017cyski<br \/>\n<a href=\"https:\/\/g.co\/kgs\/azo45nE\">Poka\u017c na mapie<\/a>\t\t<\/p>\n<h2>Wy\u015blij wiadomo\u015b\u0107<\/h2>\n<p>\t\t\n<div class=\"wpcf7 no-js\" id=\"wpcf7-f111-o1\" lang=\"en-US\" dir=\"ltr\" data-wpcf7-id=\"111\">\n<div class=\"screen-reader-response\"><p role=\"status\" aria-live=\"polite\" aria-atomic=\"true\"><\/p> <ul><\/ul><\/div>\n<form action=\"\/index.php?rest_route=%2Fwp%2Fv2%2Fpages%2F50#wpcf7-f111-o1\" method=\"post\" class=\"wpcf7-form init\" aria-label=\"Contact form\" novalidate=\"novalidate\" data-status=\"init\">\n<div style=\"display: none;\">\n<input type=\"hidden\" name=\"_wpcf7\" value=\"111\" \/>\n<input type=\"hidden\" name=\"_wpcf7_version\" value=\"6.0.3\" \/>\n<input type=\"hidden\" name=\"_wpcf7_locale\" value=\"en_US\" \/>\n<input type=\"hidden\" name=\"_wpcf7_unit_tag\" value=\"wpcf7-f111-o1\" \/>\n<input type=\"hidden\" name=\"_wpcf7_container_post\" value=\"0\" \/>\n<input type=\"hidden\" name=\"_wpcf7_posted_data_hash\" value=\"\" \/>\n<\/div>\n<div class=\"column one-second\">\n\t<p><span class=\"wpcf7-form-control-wrap\" data-name=\"your-name\"><input size=\"40\" maxlength=\"400\" class=\"wpcf7-form-control wpcf7-text wpcf7-validates-as-required\" aria-required=\"true\" aria-invalid=\"false\" placeholder=\"Imi\u0119*\" value=\"\" type=\"text\" name=\"your-name\" \/><\/span>\n\t<\/p>\n<\/div>\n<div class=\"column one-second\">\n\t<p><span class=\"wpcf7-form-control-wrap\" data-name=\"your-surname\"><input size=\"40\" maxlength=\"400\" class=\"wpcf7-form-control wpcf7-text\" aria-invalid=\"false\" placeholder=\"Nazwisko\" value=\"\" type=\"text\" name=\"your-surname\" \/><\/span>\n\t<\/p>\n<\/div>\n<div class=\"column one-second\">\n\t<p><span class=\"wpcf7-form-control-wrap\" data-name=\"your-email\"><input size=\"40\" maxlength=\"400\" class=\"wpcf7-form-control wpcf7-email wpcf7-validates-as-required wpcf7-text wpcf7-validates-as-email\" aria-required=\"true\" aria-invalid=\"false\" placeholder=\"Tw\u00f3j adres e-mail\" value=\"\" type=\"email\" name=\"your-email\" \/><\/span>\n\t<\/p>\n<\/div>\n<div class=\"column one-second\">\n\t<p><span class=\"wpcf7-form-control-wrap\" data-name=\"your-phone\"><input size=\"40\" maxlength=\"400\" class=\"wpcf7-form-control wpcf7-tel wpcf7-validates-as-required wpcf7-text wpcf7-validates-as-tel\" aria-required=\"true\" aria-invalid=\"false\" placeholder=\"Telefon kontaktowy\" value=\"\" type=\"tel\" name=\"your-phone\" \/><\/span>\n\t<\/p>\n<\/div>\n<div class=\"column one\">\n\t<p><span class=\"wpcf7-form-control-wrap\" data-name=\"your-message\"><textarea cols=\"40\" rows=\"6\" maxlength=\"2000\" class=\"wpcf7-form-control wpcf7-textarea\" aria-invalid=\"false\" placeholder=\"Wiadomo\u015b\u0107\" name=\"your-message\"><\/textarea><\/span>\n\t<\/p>\n<\/div>\n<div class=\"column one\">\n\t<p><input class=\"wpcf7-form-control wpcf7-submit has-spinner\" type=\"submit\" value=\"Wy\u015blij wiadomo\u015b\u0107\" \/>\n\t<\/p>\n<\/div><div class=\"wpcf7-response-output\" aria-hidden=\"true\"><\/div>\n<\/form>\n<\/div>\n<br \/>\n\t\t\t\t\t\t\t\t\t\t\t\t\t\t\t<img decoding=\"async\" width=\"780\" height=\"865\" src=\"https:\/\/stolmeb.eu\/wp-content\/uploads\/2025\/02\/contact_stolmeb.png\" alt=\"\" srcset=\"https:\/\/stolmeb.eu\/wp-content\/uploads\/2025\/02\/contact_stolmeb.png 780w, https:\/\/stolmeb.eu\/wp-content\/uploads\/2025\/02\/contact_stolmeb-451x500.png 451w, https:\/\/stolmeb.eu\/wp-content\/uploads\/2025\/02\/contact_stolmeb-271x300.png 271w, https:\/\/stolmeb.eu\/wp-content\/uploads\/2025\/02\/contact_stolmeb-768x852.png 768w, https:\/\/stolmeb.eu\/wp-content\/uploads\/2025\/02\/contact_stolmeb-68x75.png 68w, https:\/\/stolmeb.eu\/wp-content\/uploads\/2025\/02\/contact_stolmeb-480x532.png 480w\" sizes=\"(max-width:767px) 480px, (max-width:780px) 100vw, 780px\" \/><\/p>\n","protected":false},"excerpt":{"rendered":"<p>Planujesz meble na wymiar? Napisz lub zadzwo\u0144! Skar\u017cysko, Kielce, Radom i okolice. Doradzamy, projektujemy, montujemy \u2013 kompleksowa obs\u0142uga od A do Z!<\/p>\n","protected":false},"author":1,"featured_media":0,"parent":0,"menu_order":0,"comment_status":"open","ping_status":"closed","template":"","meta":{"footnotes":""},"class_list":["post-50","page","type-page","status-publish","hentry"],"_links":{"self":[{"href":"https:\/\/stolmeb.eu\/index.php?rest_route=\/wp\/v2\/pages\/50","targetHints":{"allow":["GET"]}}],"collection":[{"href":"https:\/\/stolmeb.eu\/index.php?rest_route=\/wp\/v2\/pages"}],"about":[{"href":"https:\/\/stolmeb.eu\/index.php?rest_route=\/wp\/v2\/types\/page"}],"author":[{"embeddable":true,"href":"https:\/\/stolmeb.eu\/index.php?rest_route=\/wp\/v2\/users\/1"}],"replies":[{"embeddable":true,"href":"https:\/\/stolmeb.eu\/index.php?rest_route=%2Fwp%2Fv2%2Fcomments&post=50"}],"version-history":[{"count":16,"href":"https:\/\/stolmeb.eu\/index.php?rest_route=\/wp\/v2\/pages\/50\/revisions"}],"predecessor-version":[{"id":680,"href":"https:\/\/stolmeb.eu\/index.php?rest_route=\/wp\/v2\/pages\/50\/revisions\/680"}],"wp:attachment":[{"href":"https:\/\/stolmeb.eu\/index.php?rest_route=%2Fwp%2Fv2%2Fmedia&parent=50"}],"curies":[{"name":"wp","href":"https:\/\/api.w.org\/{rel}","templated":true}]}}